6 + (-1 - 0) - -1. List the prime factors of h(c).
5
Let l(q) = 5*q**2 + 0*q**2 - q**2. List the prime factors of l(-1).
2
Suppose 2*d - 4*d + 18 = 0. What are the prime factors of d?
3
Let f(b) be the second derivative of -b**5/20 + b**4/2 - 5*b**3/6 + 2*b**2 + 2*b. Let h be f(5). Let x = 5 + h. List the prime factors of x.
3
Let p = -86 - -119. What are the prime factors of p?
3, 11
Let b = 39 - 20. Suppose 0 = 4*l + b - 71. Suppose 14 = 3*x - l. List the prime factors of x.
3
Let n = -4 + 7. Suppose 0 = n*u - 5*s - 173, -4*s - 67 = u - 2*u. List the prime factors of u.
3, 17
Suppose 108 = 4*o - 2*g, 0*o - 3*o - g = -91. List the prime factors of o.
29
Suppose -3*v = -z - 4*z + 749, 4*z - 2*v = 600. List the prime factors of z.
151
Let t = 13 - 10. Suppose 0 = t*v - 50 - 25. List the prime factors of v.
5
Let g = -50 - -115. What are the prime factors of g?
5, 13
Suppose 5*j = 2*v - 18, -2*j - 2 - 2 = 0. Suppose 0*x + 16 = v*x. Suppose 47 = 5*m + x*p, -m - 2*p + 5 = p. List the prime factors of m.
11
Suppose 0*i + 54 = 6*i. List the prime factors of i.
3
Suppose 2*z + m - 70 = 0, -2*z + 0*m + 54 = 5*m. Let l = z + -23. List the prime factors of l.
2, 7
Let d(y) = y - 1. Let x be d(4). Let a be x/(-4) - 285/(-12). Suppose r + 5*s - a = 0, 5*r - 7 = s + s. What are the prime factors of r?
3
Suppose -4*u = u - 15. Suppose u*t - 12 = 0, -4*w + 2*t + 116 = t. What are the prime factors of w?
2, 3, 5
Suppose -3*w = -7*w + 20. Suppose -2 = -n - s, 4*n - 11 = 4*s - w*s. Suppose 4*t + n = 47. List the prime factors of t.
11
Let n(s) = 3*s**2 - 6*s - 5. Let q be n(7). Suppose -2*z - 2*z + q = 0. What are the prime factors of z + -4 - 1/1?
2, 5
Suppose l - 3*b - 67 = 0, l - 4*l + 4*b + 196 = 0. Suppose 0 = -2*k + 4*k - l. List the prime factors of k.
2
Suppose -2*o = 5 + 1, 34 = 4*w + 2*o. What are the prime factors of 6/(-15) - (-154)/w?
3, 5
Let b = -4 + 14. List the prime factors of b.
2, 5
Suppose -8 = -5*y - 2*u + 12, 3*u - 19 = -2*y. Let p = 3 - y. Suppose n + p = 6. What are the prime factors of n?
5
Suppose 3*w + 3*h = -0*h - 285, 510 = -5*w + 2*h. Let n = -60 - w. What are the prime factors of n?
2, 5
Suppose -5*f + 105 = -155. List the prime factors of f.
2, 13
Suppose 5*a - 15 = 5*s, a - 4*s - 21 = 6*a. Let x = 24 + a. List the prime factors of x.
23
Let n(u) = 0*u - 2 - 2*u + 5*u**2 + 6*u + 4. List the prime factors of n(-2).
2, 7
Suppose -25 = -5*g, 7*g - 37 = -l + 4*g. List the prime factors of l.
2, 11
Let j be (-2)/3*(-45)/10. Suppose 0 = -3*k + 5*a + 85, 0 = -2*k - 0*a + 2*a + 58. Suppose j*n - 5*w - k = -2*w, 5*w + 36 = 3*n. What are the prime factors of n?
7
Suppose x = 14 + 4. What are the prime factors of x?
2, 3
Suppose 0 = 4*n - 2*w + 2, -4*n + 3*w - 4 = -1. Suppose 0 = 4*c - z - 20, 4*c - 2*z + n*z - 24 = 0. What are the prime factors of c?
2
Let g = -1 + -8. Let c(r) = -r - 13. Let q be c(g). Let d(w) = -2*w - 1. What are the prime factors of d(q)?
7
Suppose 3*n = 5*y + 4*n - 53, -5*y + 57 = -n. What are the prime factors of y?
11
Let f = 80 - 54. What are the prime factors of f?
2, 13
Let y be (3/2)/(30/(-80)). Let c be 1/2 - 42/y. Suppose a = 3*s - 47 + c, 0 = 2*a + 6. List the prime factors of s.
11
Suppose -5*y - 1320 = -15*y. What are the prime factors of y?
2, 3, 11
Suppose 3*d + 130 = -2*d. List the prime factors of -1 - (d/2)/1.
2, 3
Let b be 10/(-4)*(-48)/30. Suppose 2*m + 5*c = 23, 5*c = -b*m + 4*c + 19. Suppose -m*k + 52 = -0*k. What are the prime factors of k?
13
Let v(x) = -x + 1. Let c be 2 - 7*(-1 + 2). Let a be v(c). Suppose 2*z - a = -z + 2*g, -6 = -2*g. List the prime factors of z.
2
Let w(d) = 5*d**2 - 2*d + 5. List the prime factors of w(-4).
3, 31
Suppose -4*t - 208 = -2*o - 72, 3*o + t = 176. List the prime factors of o.
2, 3, 5
Suppose o - 5*w = 128, -4*o - w + 617 = -0*o. List the prime factors of o.
3, 17
Let u(j) = j**3 + 5*j**2 + 7. Let s be u(-5). Suppose 0 = -3*h - 1 + s. List the prime factors of h.
2
Let z(g) = -g**2 + 5*g + 3. Let m be z(4). Let i(l) = l**2 - 3*l - 8. List the prime factors of i(m).
2, 5
What are the prime factors of -14*(9/(-6) + 1)?
7
Let z(x) = -x**2 + 6*x - 5. Let j be z(4). Let o = -1 + 1. Suppose j*s + o = 12. List the prime factors of s.
2
What are the prime factors of (-3523)/(-117) + 2/(-18)?
2, 3, 5
Let a = -6 - -45. What are the prime factors of a?
3, 13
Suppose 4*n = 25 + 7. Suppose t + 0*t = n. What are the prime factors of t?
2
Let m(x) = -x**3 + 21*x**2 + 35*x - 16. What are the prime factors of m(22)?
2, 3, 5
Let w = 5 + -7. What are the prime factors of ((-10)/(-4))/((-1)/w)?
5
Suppose 0 = 4*h - 6*h + 5*i + 28, -10 = 5*i. Let x = 11 + h. What are the prime factors of x?
2, 5
Let f = -49 - -100. List the prime factors of f.
3, 17
Let f(u) = 3*u**2 + 2*u + 1. What are the prime factors of f(3)?
2, 17
Suppose 120 = h + 3*h. What are the prime factors of h?
2, 3, 5
Let u(v) = v**3 - 15*v**2 + 8*v + 10. What are the prime factors of u(15)?
2, 5, 13
Suppose 3 = -3*k - 3*t, 0*t + 14 = 4*k - 2*t. Suppose -2*m + 16 - 2 = 0. Suppose -m*v + 60 = -k*v. List the prime factors of v.
2, 3
Let g = -59 + 38. Let j = g - -31. What are the prime factors of j?
2, 5
Suppose 39 = o - 47. List the prime factors of o.
2, 43
Let q be (-3)/(-2) - 3/6. Let t = 6 - q. Suppose 0 = 3*x - t*x + 8. List the prime factors of x.
2
Let d = -1 + 1. Suppose d = -3*j - 5 + 44. List the prime factors of j.
13
Let w(y) = 4*y + 2. Let m(d) = -3 + d - d - 3*d. Let h(u) = -3*m(u) - 2*w(u). List the prime factors of h(0).
5
Suppose -a - 8 + 58 = 0. What are the prime factors of a?
2, 5
Suppose -76 - 252 = -4*c. What are the prime factors of c?
2, 41
Suppose -2*j - 5*f + 117 = 0, 2*j = 2*f + 2*f + 72. Let a = j - 32. What are the prime factors of a?
2, 7
Let d(l) = 6*l - 3*l - 5*l. List the prime factors of d(-1).
2
Let w = -166 - -363. What are the prime factors of w?
197
Let l = -25 + -8. Let o = l + 50. Suppose 2*k - o = 7. List the prime factors of k.
2, 3
Let q be (8/6)/((-6)/(-162)). Suppose -q = -s + 14. What are the prime factors of s?
2, 5
Let p(r) be the third derivative of -r**5/60 + 5*r**4/24 + r**3/6 - r**2. Suppose 2*h + 3*h = 20. List the prime factors of p(h).
5
Let g(f) = f**2 - 3*f - 1. Let v be g(5). Suppose 6*p - 3*p - 3*s = 9, p - 4*s - v = 0. List the prime factors of (2 - p)/1 + 4.
5
Suppose -4*z + 5*l = -62, 0 = 2*l + 3*l + 10. Suppose -3*o + 2*y + 20 = 0, 7*y - 4*y - 30 = -3*o. Let j = z - o. List the prime factors of j.
5
Suppose 0 = 7*q - 4*q - 18. Suppose -5*b + a + 10 = -q, 2*a = -3*b + 7. Suppose b*c - 7*c = -28. What are the prime factors of c?
7
Suppose -15*t = -6295 + 1615. List the prime factors of t.
2, 3, 13
Let l(j) = -3*j + 9. Suppose -3*g + 2*g = 3. What are the prime factors of l(g)?
2, 3
Suppose -4*d - 555 = -5*i + d, -d = 2. What are the prime factors of i?
109
Suppose 3*p + 19 = 2*v + 101, -p + 3*v + 25 = 0. List the prime factors of (-2)/(-7) + 188/p.
7
Suppose -5*b + 215 = 55. List the prime factors of b.
2
Let f(y) = 2*y - 5. Let c be f(-5). Let d = 26 + c. List the prime factors of d.
11
Let k = 39 + 16. What are the prime factors of k?
5, 11
List the prime factors of 172/8 + (-2)/(-4).
2, 11
Let r be (-10)/(-4)*(1 - -1). Let d = -1 + 5. Suppose -r*j + 11 + d = 0. What are the prime factors of j?
3
Suppose 1 - 9 = -4*x. Suppose -j + 2 + x = 0. Suppose -n - 4*p = -11, -n = p - j - 13. List the prime factors of n.
19
Let d = -8 - -19. What are the prime factors of d?
11
Let z be (-11)/(-9) - (-2)/(-9). Suppose 0*b + 3*r = -b - 14, -3*b + 3*r + 18 = 0. List the prime factors of 20/(z + b)*1.
2, 5
Let c = -3 - 0. Let g(s) = s**2 - 3*s + 1. What are the prime factors of g(c)?
19
List the prime factors of 30/4*(-54)/(-15).
3
Let x = -1 + 30. What are the prime factors of x?
29
Suppose 6*a - 145 = 257. What are the prime factors of a?
67
Let m(r) = 4*r + 13. What are the prime factors of m(6)?
37
Suppose -2*h = -2*v + 268, 4*v - 351 = 5*h + 184. List the prime factors of v.
3, 5
Let r = -12 - -15. Suppose -2*j + 75 = 5*o, -6*o + 46 = -r*o + j. List the prime factors of o.
17
Suppose 5*q - 27 = 2*p, 4*q = 4*p + 13 + 11. Let g be 0 - (-3 + q - 6). Suppose g = -0*n + n, -5*o - 4*n + 66 = 0. What are the prime factors of o?
2, 5
Let h = 79 - 26. What are the prime fa